 r(o). What is the units digit of t(-6)?
7
Let f(j) = 4*j - 1. What is the units digit of f(12)?
7
Let r(g) = 3*g**3 - 4 - g**2 + g**3 - 5*g**3 + 3*g - 2*g. What is the tens digit of r(-3)?
1
Let l(y) = 2*y**3 - 8*y**2 + 2*y + 5. What is the units digit of l(5)?
5
Suppose -5*t = 4*k + 906, 2*k = 5*t - 0*t + 882. Let o be 8/(-44) - t/11. Suppose 3*f - f - o = 0. What is the units digit of f?
8
Let z = 98 - 51. What is the units digit of z?
7
Suppose -3*l + 22 = 4*d - 14, -4*d = -4*l - 8. Suppose a - 2*r - d = 0, 1 = 2*a + r - 16. What is the units digit of a?
8
Let i(r) = 4*r**2 + 7*r - 14. What is the hundreds digit of i(5)?
1
Suppose 2*m = 2*h - 10, 4*m + 8*h - 25 = 3*h. Let a be 2/4*10/5. Let w = m + a. What is the units digit of w?
1
What is the units digit of (-8 + 10)*42/2?
2
Let c(z) be the third derivative of z**6/120 + z**5/20 - z**4/24 + z**2. Let x be c(-3). Suppose 0 = -x*u - 1 + 4. What is the units digit of u?
1
Let h(z) = 3*z - 5. Let t(u) = 1. Let l(a) = h(a) - t(a). What is the units digit of l(5)?
9
Let g = 5 - 5. What is the units digit of 13 + -1 - g/(-1)?
2
What is the units digit of 105/4 + (-21)/(-28)?
7
Let p be 1 - 1 - 12/(-2). What is the tens digit of 124/10 + p/(-15)?
1
Suppose 2*h = 5*d - 40, 62 = -5*h - 3*d - 69. Let z = -20 - -7. Let g = z - h. What is the tens digit of g?
1
Suppose -11 - 9 = -5*x + 5*z, 16 = 3*x - z. Let p = 16 + x. What is the units digit of p?
2
Let v = -167 + 337. What is the units digit of v?
0
Suppose 0*o + 4 = o. Suppose -p + 6*p - 18 = -o*b, 5*p - b - 33 = 0. Suppose 4*k + k + p = r, 3*r = 4*k + 7. What is the units digit of r?
1
Suppose 9 = 9*k - 117. What is the tens digit of k?
1
Let k(t) = t**3 - t**2 + 2*t + 6. Let h(l) = -l**3 + 3*l**2 - 7 - l**2 + l - 4*l + 0*l**3. Let c(g) = 5*h(g) + 6*k(g). What is the units digit of c(-4)?
3
Let z = -5 - 6. Suppose 5*w - 25 = 2*f + 3*f, 0 = 5*w. Let i = f - z. What is the units digit of i?
6
What is the units digit of 3/(-4) + (-450)/(-24)?
8
Suppose 3*v - 9*v = -132. What is the tens digit of v?
2
Suppose 3*b = -u + 399, -4*b + 1995 = 5*u + b. What is the units digit of u?
9
Suppose -5*b + 0*b + 15 = 0. Suppose 0 = b*q - q - 12. What is the units digit of q?
6
Let q(a) = -2*a. Let p be q(-1). Let j = p + 7. What is the units digit of j?
9
Let o(t) = -7*t + 14. What is the tens digit of o(-13)?
0
What is the tens digit of 2*((-8)/2 - -29)?
5
Suppose -15*w = -4*w - 3256. What is the hundreds digit of w?
2
Let t(r) = r**2 - 2*r. Let c be t(3). Suppose -3*q - 9 = 5*b - 8*b, 3*b - 8 = 4*q. Suppose 2*n = b*j + 16, 3*j + 15 = 5*n - c*n. What is the units digit of n?
6
Suppose 0 = a - 0*a + u + 26, a + 2*u = -30. Let o = -12 - a. What is the units digit of o?
0
Suppose -9*z + 24 = -6*z. What is the units digit of z?
8
Let c(b) = -6*b - 3. Let y be (3 - 38/14)*7. Let n be 16/20*(-5)/y. What is the units digit of c(n)?
9
Suppose 0 = -4*r + 5*r - 2. Suppose -r*b - 28 = -y, -b - 2*y = -2*b - 20. Let j = -5 - b. What is the units digit of j?
7
Let m = 4 + -16. What is the units digit of m/8*-4 - 3?
3
Let p(x) = x**2 - 9*x - 3. Let f be p(4). Let c = f - -51. What is the units digit of c?
8
Let y(h) = -h**3 - 16*h**2 - 16*h + 11. What is the tens digit of y(-15)?
2
Suppose 6*a - 267 + 9 = 0. What is the units digit of a?
3
Suppose -o + 5*u = 2*o + 7, -50 = -5*o - 4*u. What is the units digit of o?
6
Suppose -4*g + 7*g - 21 = 0. Let a = 11 - g. Suppose 3*w = w + a, 0 = -2*c + 5*w + 8. What is the units digit of c?
9
Let t(k) = k**3 - 4*k**2 - 5*k - 4. Let c be t(5). Let b = c + 8. Suppose 2*n = 4*d + 6*n + 12, -d - b*n - 15 = 0. What is the units digit of d?
1
Let o(w) = w**2 + 8*w - 14. Let g be o(-10). Suppose 5 = u, -2*f - g*u + 39 = -u. What is the units digit of f?
7
Suppose -s + 217 = 52. What is the tens digit of s?
6
Let m = 28 - 7. Let t = m + 4. What is the units digit of t?
5
Suppose -s = -0*s - 4*p - 6, s + 4*p + 2 = 0. Let x(z) = 2*z + 2. What is the units digit of x(s)?
6
Let x(z) be the second derivative of z**4/12 - z**3/3 + z**2 + 4*z. What is the tens digit of x(5)?
1
Suppose 4*p = -23 + 291. What is the units digit of p?
7
Let o be (2/(-3))/((-6)/117). Let t = o + -3. What is the tens digit of t?
1
Let m(v) = -v**2 - 4*v - 2. Let w be m(-2). Let k be 2 + -4 + 7 - w. Suppose -p = -0*p - k. What is the units digit of p?
3
Let g be (-1 - 1)*(-1 + 0). Suppose -g*w + 4*w + 8 = 0. Let j = 5 + w. What is the units digit of j?
1
Let m = -2 - -2. Let a be 0/(-1) + m/(-2). Suppose -4*o + 5*o - 1 = a. What is the units digit of o?
1
Suppose -8 = -2*h + o + 3, 4*o + 8 = -h. Suppose -5 = -r, -3*s - h*r + 14 + 9 = 0. What is the units digit of s?
1
Suppose 4*n = 13 + 7. Let l = n - 0. Suppose 4*a + 3*r - 66 = 0, -5*a = l*r - 59 - 26. What is the units digit of a?
5
What is the hundreds digit of (-8)/(-24) - 677/(-3)?
2
What is the units digit of ((-113)/2)/(11/(-22))?
3
Let v(a) = -a + 6. Let d(b) = -b**2 - 3*b - 2. Let z be (-10)/4 + 6/12. Let f be d(z). What is the units digit of v(f)?
6
Suppose 3*h - 5*i - 3 = 1, 0 = 4*h - 4*i - 8. Suppose -5*k - 2*r + 14 = r, -2*k - h*r + 11 = 0. What is the units digit of k?
1
Suppose 0 = -2*c + 12 - 2. Suppose -f + 177 = 3*f + c*z, 3*z + 9 = 0. What is the tens digit of f?
4
Let z = -58 - -82. What is the tens digit of z?
2
Let j be (-6)/((-10)/4 - -1). Suppose j*w = 2 + 6. Suppose 22 = 4*g - w. What is the units digit of g?
6
Let w be (15/(-10))/(1/(-8)). Suppose w = -2*d + 4*d. What is the units digit of d?
6
Suppose 18 = -3*m + 2*m. Suppose 0 = 3*w - 15, -6 = -4*v - w + 3. What is the tens digit of (2 + v)/(m/(-60))?
1
Let p = 16 - 14. What is the units digit of p?
2
Suppose 5*p = n + 142, 5*n = -3*p - 0*n + 102. What is the units digit of p?
9
What is the tens digit of (-1)/((-1)/31) + 0?
3
Let a be 4 - (-3 - (-4 + 0)). Suppose 2*m - a = 9. What is the units digit of m?
6
Let v(n) = -n**3 + 4*n**2 + 2*n - 6. Let b be v(4). Suppose t + 4 = -b*p, -p - 17 = -4*t + 2*t. Let l = -3 + t. What is the units digit of l?
3
Suppose -186 = -4*k - 6. What is the tens digit of k?
4
Let j(r) be the second derivative of r**5/20 + 2*r**4/3 + r**3 + 9*r**2/2 - r. Let t be j(-7). Let z = t + -10. What is the units digit of z?
6
Let n be (12/(-10))/((-2)/5). What is the units digit of 7/((0 - -3)/n)?
7
Let i be 8/(-6) + (-1)/(-3). Let x be 3/(-6)*26*i. Let m = 22 - x. What is the units digit of m?
9
Let j(v) = 46*v - 2. What is the hundreds digit of j(3)?
1
What is the units digit of 24/2*(-10 - -11)?
2
What is the units digit of -2 - (-1)/((-1)/(-4))?
2
Suppose -2*u + 24 = u. Suppose 5*p + 12 = 3*c, 0 = 2*c + 4*p - 3*p - u. Suppose 3*r - 26 = c. What is the tens digit of r?
1
Let l(x) = -2*x - 8. Let n = 0 + 2. Suppose m - 2*r - 10 = 2*r, n*m = -5*r - 32. What is the units digit of l(m)?
4
Let v = -4 - -2. Let y(l) = -2*l + 1. Let j be y(v). Suppose 2*p - 39 = j*a - 5, -4*a - 9 = p. What is the units digit of p?
7
Let q(j) = -j - 10. Let u be q(-10). Suppose -2*x + u*b + 2 = -b, -4*x + b = -8. What is the units digit of x?
3
Suppose 10*f = 6*f + 84. What is the tens digit of f?
2
Let h be 9*4/6 - 0. Let d = 8 + -6. What is the tens digit of (4/h)/(d/30)?
1
Suppose 5*v - 2*m - 66 = 0, 0 = -v + 4*m + 16 + 8. Suppose 2*o + y = 9, 0 = y - 6*y - 5. Let h = v - o. What is the units digit of h?
7
Let o be (3/(-1))/((-6)/32). Suppose 3*r + 3*z - 6 = 0, 2 - o = -5*r - z. Suppose -r - 2 = -5*d. What is the units digit of d?
1
Let m(n) = -n**2 + 6*n - 5. Let i be m(4). Suppose i*q = 2*q + 6. Suppose z = -2*v + q - 4, -v + 15 = -3*z. What is the units digit of v?
3
Suppose 77 = 5*b - 73. What is the tens digit of b?
3
Suppose 5*f - 1 + 6 = 0. Let i be (f + -2)/(2/(-8)). Let u = i + -7. What is the units digit of u?
5
What is the tens digit of 4/10 + (-369)/(-15)?
2
Let h = 2 - -2. Suppose h*d - 16 = 4*q + 8, 5*q = -d - 6. What is the units digit of d?
4
Let u = 29 - -95. What is the hundreds digit of u?
1
Let u(j) = 4*j - 5. Let o(m) = 1. Let b(c) = -6*o(c) - u(c). What is the units digit of b(-1)?
3
Let g = -109 - -172. What is the tens digit of g?
6
Let y(q) = -q**3 - q**2 - q + 1. Let b(w) = -14*w**3 + 3. Let g(d) = b(d) - 2*y(d). What is the tens digit of g(-1)?
1
Let y(c) = 4 - 4*c**3 + 0*c - 5*c + 3*c + 5*c**3. What is the units di